76 and 1144?
88
Calculate the greatest common factor of 8 and 6.
2
What is the highest common factor of 31 and 341?
31
Calculate the highest common factor of 72 and 792.
72
Calculate the greatest common divisor of 57 and 133.
19
Calculate the highest common factor of 8242 and 26.
26
What is the highest common divisor of 245 and 49?
49
What is the highest common factor of 2405 and 148?
37
What is the greatest common factor of 407 and 74?
37
Calculate the greatest common divisor of 552 and 48.
24
What is the highest common factor of 13 and 43199?
13
Calculate the highest common factor of 7735 and 195.
65
What is the greatest common divisor of 5 and 985?
5
Calculate the greatest common factor of 47 and 13489.
47
Calculate the highest common factor of 60 and 2130.
30
What is the highest common factor of 44 and 1518?
22
What is the greatest common factor of 4037 and 187?
11
Calculate the greatest common divisor of 142 and 71.
71
Calculate the highest common divisor of 175 and 650.
25
Calculate the highest common divisor of 6104 and 56.
56
Calculate the greatest common divisor of 959 and 7.
7
Calculate the highest common divisor of 128 and 80.
16
Calculate the greatest common divisor of 23 and 207.
23
Calculate the highest common divisor of 36 and 228.
12
Calculate the highest common factor of 11 and 297.
11
What is the highest common factor of 5 and 145?
5
What is the greatest common divisor of 32820 and 15?
15
Calculate the greatest common divisor of 250 and 10.
10
What is the highest common factor of 13 and 351?
13
Calculate the highest common divisor of 29 and 2001.
29
Calculate the greatest common divisor of 1975 and 2607.
79
What is the highest common divisor of 1 and 191?
1
What is the highest common divisor of 38 and 4807?
19
What is the greatest common divisor of 1630 and 20?
10
What is the highest common factor of 28545 and 165?
165
What is the highest common divisor of 711 and 395?
79
Calculate the greatest common factor of 3276 and 104.
52
What is the greatest common factor of 10 and 724?
2
What is the highest common divisor of 62496 and 63?
63
Calculate the highest common divisor of 50 and 30.
10
Calculate the greatest common factor of 153 and 17.
17
Calculate the highest common factor of 16 and 688.
16
Calculate the greatest common divisor of 370 and 407.
37
What is the highest common factor of 80 and 200?
40
Calculate the greatest common factor of 32 and 1232.
16
Calculate the highest common factor of 25200 and 432.
144
What is the highest common divisor of 4 and 52?
4
Calculate the highest common divisor of 516 and 36.
12
Calculate the greatest common divisor of 112 and 576.
16
Calculate the highest common divisor of 40 and 540.
20
What is the greatest common divisor of 247 and 1425?
19
What is the greatest common factor of 768 and 2352?
48
Calculate the highest common divisor of 72 and 1272.
24
Calculate the greatest common divisor of 1595 and 110.
55
Calculate the greatest common factor of 12 and 3324.
12
What is the highest common factor of 5440 and 64?
64
What is the highest common factor of 50 and 2500?
50
What is the greatest common divisor of 228 and 324?
12
Calculate the greatest common factor of 630 and 56.
14
Calculate the greatest common divisor of 64 and 1.
1
What is the highest common divisor of 45 and 6?
3
What is the greatest common factor of 41 and 205?
41
Calculate the greatest common factor of 1314 and 2336.
146
Calculate the greatest common factor of 427 and 21.
7
Calculate the highest common divisor of 52 and 4.
4
What is the highest common factor of 527 and 961?
31
What is the greatest common divisor of 1850 and 200?
50
Calculate the highest common divisor of 8 and 31704.
8
What is the greatest common divisor of 60 and 50?
10
What is the highest common factor of 8366 and 89?
89
Calculate the greatest common divisor of 176 and 1072.
16
Calculate the greatest common factor of 120 and 100080.
120
Calculate the highest common factor of 3069 and 495.
99
Calculate the greatest common divisor of 60 and 21.
3
Calculate the highest common factor of 68 and 17.
17
Calculate the highest common factor of 45 and 8595.
45
What is the highest common factor of 2502 and 18?
18
What is the greatest common factor of 2159 and 153?
17
What is the greatest common divisor of 28 and 868?
28
Calculate the greatest common divisor of 209 and 133.
19
What is the highest common factor of 980 and 100?
20
Calculate the greatest common divisor of 1633 and 23.
23
What is the greatest common factor of 57 and 361?
19
What is the greatest common divisor of 1310 and 80?
10
What is the highest common divisor of 546 and 13?
13
What is the greatest common factor of 8 and 104?
8
Calculate the greatest common factor of 70 and 250.
10
Calculate the greatest common divisor of 22493 and 332.
83
Calculate the greatest common divisor of 20 and 1090.
10
Calculate the highest common divisor of 3 and 15.
3
Calculate the highest common factor of 2997 and 1443.
111
What is the highest common divisor of 462 and 2002?
154
Calculate the greatest common factor of 17 and 11441.
17
What is the greatest common factor of 2565 and 8835?
285
Calculate the greatest common divisor of 224 and 16.
16
Calculate the highest common factor of 35 and 238.
7
Calculate the greatest common divisor of 164 and 205.
41
What is the greatest common divisor of 216 and 576?
72
Calculate the greatest common factor of 1308 and 78.
6
Calculate the highest common factor of 4018 and 392.
98
Calculate the highest common factor of 536 and 5.
1
What is the highest common divisor of 198 and 462?
66
What is the greatest common divisor of 94587 and 41?
41
Calculate the highest common factor of 1032 and 624.
24
Calculate the greatest common factor of 15839 and 674.
337
What is the highest common divisor of 428 and 4?
4
What is the highest common factor of 147 and 63?
21
What is the highest common factor of 108 and 549?
9
What is the greatest common divisor of 81 and 297?
27
What is the greatest common factor of 9 and 1017?
9
Calculate the highest common factor of 9 and 639.
9
What is the greatest common divisor of 574 and 410?
82
Calculate the highest common divisor of 312 and 72.
24
What is the highest common factor of 114 and 18?
6
Calculate the highest common divisor of 81 and 999.
27
What is the highest common factor of 150 and 5475?
75
Calculate the highest common divisor of 485 and 97.
97
What is the highest common factor of 272 and 208?
16
Calculate the highest common divisor of 767 and 13.
13
Calculate the highest common divisor of 207 and 21.
3
What is the highest common factor of 459 and 51?
51
What is the highest common factor of 24 and 10512?
24
What is the greatest common factor of 38 and 32?
2
What is the highest common divisor of 55 and 20?
5
Calculate the greatest common divisor of 750 and 90.
30
Calculate the highest common factor of 310 and 10.
10
What is the greatest common factor of 174 and 19662?
174
What is the greatest common divisor of 756 and 72?
36
What is the greatest common factor of 16 and 1856?
16
What is the greatest common factor of 9984 and 936?
312
Calculate the highest common divisor of 869 and 77.
11
What is the highest common factor of 30 and 710?
10
Calculate the highest common divisor of 117 and 143.
13
What is the highest common factor of 9 and 156?
3
What is the highest common divisor of 17051 and 578?
289
What is the greatest common factor of 45 and 36?
9
Calculate the highest common divisor of 682 and 22.
22
What is the greatest common divisor of 2079 and 33?
33
Calculate the highest common factor of 42 and 26.
2
What is the highest common divisor of 728 and 952?
56
What is the highest common factor of 238 and 56?
14
Calculate the highest common factor of 1166 and 106.
106
What is the greatest common divisor of 1480 and 24?
8
What is the highest common divisor of 22 and 352?
22
Calculate the greatest common divisor of 1650 and 950.
50
What is the greatest common factor of 3 and 177?
3
What is the greatest common divisor of 822 and 6?
6
What is the greatest common divisor of 105 and 70?
35
Calculate the highest common divisor of 16 and 376.
8
What is the greatest common divisor of 11080 and 40?
40
What is the highest common divisor of 374 and 24497?
187
What 